, -3*n = b - 692160. Is n a prime number?
False
Suppose f + 7*f = 16. Suppose n - 4*a + 21 = -f*n, -3*a = -3*n - 18. Let d(z) = -31*z**3 + 4*z**2 - 2. Is d(n) a prime number?
False
Let q(b) = -25023*b + 1385. Is q(-34) a prime number?
True
Suppose o = -2*d - 3*d + 475, -4*d - 1501 = -3*o. Suppose -5*q = 1 - 26. Suppose 1450 - o = q*n. Is n composite?
False
Let h = -599 - -602. Is -2 - -16759 - (2 - h - 1) composite?
False
Let p(u) = -12 - 49 - 370*u - 10. Is p(-4) a composite number?
False
Let n = 1559 - 17498. Let o = 12524 - n. Is o prime?
True
Suppose -92392 + 11640 = 7*u. Let t = u - -49649. Is t a prime number?
True
Let n be (240/9)/((-3)/(-189)). Suppose -5*f + n = 5*x - 4*f, -4*x + 1353 = -f. Is x a composite number?
False
Suppose b - o - 259956 = 0, 24*o - 1819632 = -7*b + 19*o. Is b a prime number?
False
Suppose 171*k - 29905 = 166*k. Is k composite?
False
Suppose 73*t - 5*f = 74*t - 274762, 5*f + 15 = 0. Is t composite?
False
Suppose -l + 2*o + 15 + 6 = 0, 5*l - 5*o = 85. Suppose 47 + l = 5*t. Suppose -4255 = -t*y + 1013. Is y a prime number?
True
Let p = -4490 - -7653. Is p a prime number?
True
Suppose 107 = 2*l + 2*l + w, -5*w + 87 = 4*l. Suppose -6*h = h + l. Is -44*1/(h/197) a prime number?
False
Suppose 3280 = 2*a - 710. Suppose -4983 = -5*k - 2*q, -2*k + 3*q + a = 2*q. Suppose 0 = -h + 1612 + k. Is h a prime number?
True
Let u(v) = 88*v**2 - 237*v - 2110. Is u(-9) a composite number?
False
Is -2*(-1)/(-24) - (14 - 1818500/240) prime?
False
Let w(k) = 12*k**3 - 2*k**2 + 17*k - 11. Let l be w(7). Suppose 12*s - l = 10*s. Is s a prime number?
True
Suppose -5*c = -2*c - 3*h - 15954, -5*h + 10 = 0. Let z = c - 1949. Is z composite?
False
Let t be -16*2/(8/(-9)). Suppose -2*f - 203 + 287 = 0. Suppose -6*b + f + t = 0. Is b composite?
False
Let r(u) = -9*u + 4. Let f be r(6). Let s be (-25)/f - 5/2. Is (s/4)/((-3)/3378) a composite number?
False
Let g(z) be the third derivative of 19*z**5/60 + z**4/12 - 17*z**3/6 - 3*z**2. Suppose -2*q - 1 = -3*n, 0 = 4*q - 3*q - 3*n + 5. Is g(q) a prime number?
False
Suppose -v - 22*w = -26*w + 75431, 0 = 4*v + 3*w + 301686. Let x = 110446 + v. Is x composite?
False
Let t(i) = 11*i - 12. Let s be t(-5). Let r be -9*(s + -2) - -2. Let z = r - 386. Is z a prime number?
False
Suppose q - 60626 = -j, 27*j - 24*j = -5*q + 181868. Is j a composite number?
False
Let x(u) = -u**3 + 17*u**2 + 55. Let i be x(16). Let w = i + -130. Is w a composite number?
False
Let s = 21347 - 14841. Suppose -6*w + 16952 - s = 0. Is w prime?
True
Let x be ((-150)/20)/(6/(-544)). Is 61519000/x - 2/17 a composite number?
False
Let j(h) = -h**2 - h + 5. Let a be j(-4). Let f(w) be the second derivative of -w**5/5 - 2*w**4/3 + w**3 + 3*w**2/2 + 4*w - 9. Is f(a) prime?
True
Let m be ((-10)/(-12))/((-6)/(-36)). Suppose m*z - 12254 - 851 = 0. Suppose -3245 - z = -2*h. Is h composite?
True
Let l(g) = -4535*g**3 - 2*g - 2. Let x be (-36)/54 - 1/3. Is l(x) composite?
True
Let j be -63 + -3*20/15 + 4. Is ((-157)/(-3))/(434/j - -7) composite?
True
Let r = 117203 - 49452. Is r prime?
True
Suppose 4*o + 75 = 1767. Suppose -j = 2*n - 938 - o, 0 = 5*j - n - 6783. Is j a prime number?
False
Suppose -2*f + 4 = 0, 90201 = y + 2*f + 3205. Suppose 7*d - 23*d + y = 0. Is d prime?
True
Suppose -3*p + 2*v + 504741 = 0, -3*v + 236118 + 100376 = 2*p. Is p prime?
True
Let g(w) = -24*w + 17 + 22*w**2 + 5*w**2 + 81*w**2. Is g(14) a composite number?
False
Let u(i) = 2780*i**2 + 21*i + 53. Is u(4) a prime number?
True
Let j = -3897 - -10867. Let u = j + -3959. Is u composite?
False
Suppose -13*y = -14*y - 2. Let m be (0 - -1)*28/4 + y. Suppose 5*x - m*n = 9105, -2*n + 1809 = x - 0*n. Is x a prime number?
False
Let m(n) = -1224*n - 108. Let v be m(-4). Is -1 + (v - 8) + -8 a composite number?
True
Let w be -8 - 1 - (-3)/(-1). Let h be (2*-3)/((-18)/w). Is (3 - 2)/(h/(-6268)) a composite number?
False
Let m be 51786/(-35) + 6/10. Let s = m + 3141. Suppose 8*w - s = 6*w. Is w prime?
False
Let i(z) = z**3 - 20*z**2 + 18*z + 10. Let h be i(19). Let v(p) = 53*p**2 + p - 1. Is v(h) a composite number?
False
Let i(r) = 3*r - 114. Let f be i(39). Suppose 4*g = 3*g + 3. Suppose -3*d + k + 1506 = -d, g*k = f*d - 2253. Is d prime?
False
Suppose 353*h - 709*h + 362*h - 3797298 = 0. Is h a composite number?
True
Let j(w) = 24*w**2 + 9*w - 11. Let v be j(-8). Let p be 0 + -1 - (-1 - v). Suppose 4*d - 1175 = -l, 2*l - 6*l - p = -5*d. Is d a composite number?
False
Let y(c) = -638*c - 11449. Is y(-31) a prime number?
True
Suppose 92*h + 252850 = 109*h - 473713. Is h composite?
True
Let k be ((-4)/(-5))/(((-12)/30)/(-2)). Suppose k*c = -c + v + 8795, -2*v = 0. Is c a prime number?
True
Let s = -219650 + 428067. Is s a prime number?
False
Let v be 2 - 2 - (3 + -5 + -1). Let a(k) = 5662*k - 49. Is a(v) a prime number?
True
Suppose 3*f + 20 = 17. Is 7337 + (f - -6 - -4) + -5 a composite number?
True
Is (343/1029)/(2/1290684) + -2 + 1 a prime number?
False
Let m(y) = 5447*y + 4 - 5288*y + 4. Is m(23) prime?
False
Suppose -3*h = 4*j - 1438517, -5*h + 18887 = j - 340721. Is j a composite number?
False
Let t = 15549 - -44200. Is t a prime number?
False
Let v(p) = -25*p**2 + 176*p + 10. Let g be v(7). Suppose 7*d + g*d = 540840. Is d prime?
False
Let f be 48/(-36)*9/2. Suppose -6*p = -2*p - 3084. Is (p/6)/((-3)/f) a prime number?
True
Is 1*(5/4 + 5914028/272 - 7) composite?
False
Let p be 2 + -15*3/(-9). Let i(z) = -6 + 25*z + 2*z**2 + 10*z**3 - 5*z**3 - 3*z**3. Is i(p) a prime number?
True
Let v = 228838 - 153179. Is v composite?
False
Suppose 5*y - 432 = -122. Suppose -y*n + 61*n = -454. Is n a prime number?
False
Let a = 1062 + -28. Suppose -4*j = -210 - a. Let n = 203 + j. Is n prime?
False
Suppose -3*v = p + 10, -4*v = 3*p - 0*v + 10. Suppose 0 = -k + 2*b - 21, 3*k + p*b + 42 = b. Is ((-3)/2)/(k/24370) a prime number?
True
Let u = -25374 - -45839. Suppose 0 = -2*w + u + 113. Is w a prime number?
True
Let p(r) = 61 - 72 - 68 + 6 + 246*r. Is p(4) composite?
False
Let u(p) = 21*p**2 - 13*p - 21. Let d be (-1*9/(-6))/(3/4). Suppose -d*t - x - 1 + 24 = 0, 0 = -4*t + 4*x + 16. Is u(t) prime?
False
Let x(z) = 216*z**2 - 11*z - 27. Is x(-8) composite?
True
Suppose 6*l - 129 = 3*l. Let x = 651 - 606. Suppose x*s - 466 = l*s. Is s composite?
False
Let h be 70380/(-51)*-1*(-1)/(-2). Suppose -1 - 2 = -3*p, -3*d + 5*p = -6868. Let o = d - h. Is o composite?
False
Let k = -118 - -109. Let y = k + 1750. Is y composite?
False
Let r(w) = 1514*w**2 + 29*w - 82. Is r(8) a prime number?
False
Let d = -1407 - -2152. Let j = 3083 + -1608. Suppose 3*t = -4*p + 3335, -2*t + j + d = p. Is t composite?
False
Suppose 23*r - 214987 - 155859 = 9*r. Is r a prime number?
True
Let g = -31160 - -5469. Is (1 - 0)/((-23)/g) a composite number?
False
Let c(p) = -3894*p**3 - 3*p**2 - 3*p - 1. Let k be c(-2). Suppose -3*r + 2*j + 18677 = 0, 5*r - j - k = -6*j. Is r a prime number?
False
Suppose 0 = i + r - 661612, 0 = -138*i + 140*i - 2*r - 1323188. Is i a prime number?
True
Suppose -26*d + 30*d + 144 = 0. Let w = 18 + -22. Is w/(d/26463) + 16/(-12) composite?
False
Let w(n) = 3966*n**2 + 18*n + 115. Is w(-15) composite?
True
Suppose -42*l + 40*l - 2*q = -366146, -366138 = -2*l - 3*q. Is l a composite number?
True
Let k be (98/(-49))/((-2)/13). Suppose -k*t + 12065 = -8*t. Is t a prime number?
False
Suppose -5*w + 2*q = -614827, 231374 = 2*w - 5*q - 14561. Is w a composite number?
True
Suppose 0 = -0*c - 2*c - 514. Let k be 8/(-12)*-2 - 4108/(-6). Let i = k - c. Is i composite?
True
Let t = 35 + -33. Let f be (119/34)/(t/52). Suppose 4*p - 5*p + 3*c = -f, -2*c - 301 = -3*p. Is p a prime number?
True
Suppose 0 = 7*r + 49, -3*v - 4*r = -345761 - 227040. Is v composite?
True
Suppose -18*l - 46386 = -27*l. Suppose 16831 - l = v. Is v composite?
False
Let d(h) = -45*h - 269. Is d(-20) prime?
True
Let s(j) = 1810*j - 34. Let p(w) = 3621*w - 67. Let z(v) = 3*p(v) - 5*s(v). Is z(2) composite?
True
Suppose -5 = 4*y - 17. Let z(m) = -4*m + 4 + 0*m**3 + 5*m**2 - 4*m**3 - 7 + y*m**3. Is z(-7) a composite number?
False
Let r(a) = -1648*a + 209. Let y(w) = 825*w - 104. Let z(n) = 3*r(n) + 7*y(n). Is z(6) a prime number?
False
Let y be (227/(-3))/(10/480). Let i = 5193 + y. Is i a prime number?
False
Suppose -3*h + 486345 =